1
Suppose -4*u - 18 = -2*k, -3*u - 5*k = -k + 30. Let o(d) = -2*d - 7. Let x be o(u). Suppose x*s = 59 + 56. What is the tens digit of s?
2
Suppose -2*s - 3165 = j, -2*s + s - j = 1581. Let u = -2322 - s. What is the tens digit of (-4)/(-14) + u/(-14)?
5
Suppose -224 = -8*m + 10*m. Let p = m + 115. What is the units digit of p?
3
Let v = -2425 - -3636. What is the units digit of v?
1
Let i(q) = -19*q - 57. What is the tens digit of i(-9)?
1
Suppose -6*s - 10 = 8. Let b = 200 - s. What is the hundreds digit of b?
2
Let d(u) = 1625*u + 25. What is the units digit of d(1)?
0
Let s be 1/(3/(11 - -1)). Let i be 0 - (1 - s) - -1. Suppose 0*f + i*f = 48. What is the units digit of f?
2
What is the units digit of 20/6*(5496/30 - 8)?
4
Suppose -24 = 9*b - 5*b. Let k be b/14 + (-1280)/(-14). Let w = -46 + k. What is the units digit of w?
5
Let k be -172*(-3)/15 - 9/(-15). Suppose -57 = -0*a + 3*a. Let f = a + k. What is the tens digit of f?
1
Let l = 15 + -13. Let m = 9 - 4. What is the tens digit of l/m - (-63)/5?
1
Let a be 7 - (2 - 3)*-3. Suppose 7*f + 27 = a*f. Let r(h) = h**3 + 8*h**2 - 13*h - 7. What is the tens digit of r(f)?
2
Suppose -r - 5*c + 3 = 0, -r + 0*r - c = -19. What is the units digit of -1*(0 + -1)*r?
3
What is the units digit of (-21)/(3 - -4)*198/(-1)?
4
Let y be (-470)/16*4/(-10)*4. Let x = 97 - y. What is the units digit of x?
0
Suppose -1 = 2*a - 41. Let t = a + -10. Let f(g) = 3*g - 2. What is the tens digit of f(t)?
2
Let l be 2 + ((-6)/(-1) - 1). Suppose -5*f - w = 0, -4*f - 3*w - 4 = l. What is the units digit of 88/10 + f/5?
9
What is the units digit of 45/30*10*151?
5
Let n = -12 - -6. Let c(y) = 31*y. Let v be c(n). What is the units digit of (3/6)/((-3)/v)?
1
Let z be 2/(-4)*(-3 - 21). Suppose -3*q + z - 33 = 0. Let g = q + 29. What is the units digit of g?
2
Suppose 3*f - 420 = 9*f. Let r = 167 + f. What is the tens digit of r?
9
Let f = 201 - 183. What is the tens digit of f?
1
Let y = -4 - -9. Suppose t + 0*t - y*r + 8 = 0, -2*t - 2*r = -8. Suppose -4 = -3*u + t. What is the units digit of u?
2
Let h = -40 + 44. What is the units digit of 16/28 - 93/(-21) - h?
1
Let b = 573 - 573. Let m be (-1)/(-4) + 7/4. Suppose 5*s - 2*o - 122 = 73, m*s + 5*o - 107 = b. What is the units digit of s?
1
Let y(b) = -b**2 + 14*b - 12 - b**3 - 3 + 13. What is the tens digit of y(-5)?
2
Let h(k) = -k**2 + 4*k - 17. Let b be h(7). Let j = b - -11. What is the units digit of j/36 - 279/(-4)?
9
Let q = -5 - -6. Let w be (-6)/2*q - 4. Let v = w - -29. What is the units digit of v?
2
Suppose -302*l + 300*l = -838. What is the hundreds digit of l?
4
What is the hundreds digit of 65684/52 - 52/338?
2
Let x(k) = 3*k + 59. Let f be x(-19). Suppose 3*c - 7*c = 4*v + 20, 2*v - 14 = 4*c. Let l = v + f. What is the units digit of l?
1
Let x(g) = -g**3 - 6*g**2 + 2*g - 9. Let q(m) = m**2 + 12*m - 8. Let p be q(-12). What is the tens digit of x(p)?
0
Let o(m) = 4*m + 59. Let f be (-108)/(-15) + (-20)/(-25). What is the units digit of o(f)?
1
Let y = -3 + 428. Let v = y + -179. What is the tens digit of v?
4
Suppose 10944 = 3*k - 5*w, 5*k - 4*w = 3891 + 14362. What is the tens digit of k?
5
Suppose -7*v = -v - 774. Suppose -3*u = -9, 4*u = 4*i - v - 163. What is the tens digit of i?
7
Suppose 4*f - 2*c + 0 = -10, 5*c = -4*f - 3. What is the units digit of 23/f*(3 - 7)?
6
Suppose -2*s + 2*y = 7 + 35, 5 = y. What is the hundreds digit of 2*(-404)/s*2?
1
Let y = -2 + -6. Let z be 5 + 12/(y + 4). Let j = z + 1. What is the units digit of j?
3
Let j be 3/(-6)*144/6. Let t be 8/j*(-36)/(-8). Let v(i) = 4*i**2 + 2*i + 3. What is the units digit of v(t)?
3
Let k(m) = -43*m**2 - 4*m + 21. Let h be k(3). Let a = h + 546. What is the hundreds digit of a?
1
Let v = 220 + -154. Let a = v - -20. What is the tens digit of a?
8
Let s(d) = -12*d - 31. Let p be s(-6). Let h = p - -64. What is the hundreds digit of h?
1
Suppose 4 = -11*k + 7*k. What is the units digit of (-4)/(-2)*73/(-2)*k?
3
Let p(a) = 11*a**2 - 7*a + 13. What is the tens digit of p(5)?
5
Suppose -4*u - u = 50. Suppose 14*m = 15*m - 3. What is the units digit of 3/m*-1 - u?
9
Suppose 2*s - 3*s = -3. Let z be 46 + 4/(s - 5). Suppose -4*m = -0 - z. What is the tens digit of m?
1
Suppose 0 = -m + 3*h - 28 - 6, 0 = -2*m - 2*h - 52. Let k = 61 + m. What is the units digit of k?
3
Let c(f) = -2*f**2 - 4*f**3 + 3*f**2 + 3*f**3 + 4*f - 2 + 3*f**2. Let n be c(4). Suppose -n = 4*g + 6, -4*g - 50 = -2*t. What is the tens digit of t?
1
What is the units digit of (1008/20 + 6)/(2/20)?
4
Suppose 10 = -3*a + 4. Let x be (-160)/24 - a/3. Let h(d) = -5*d + 5. What is the units digit of h(x)?
5
Suppose 0 = v - 5, 3*x + 0*v = -v + 956. Let p = -67 + x. What is the hundreds digit of p?
2
Let f(i) = 1 - 3 + 7*i - 8 + 2. What is the units digit of f(13)?
3
Let c(y) = -401*y - 937. What is the hundreds digit of c(-6)?
4
Suppose 0 = -j - 2 - 1. Let p(h) = -h**3 - 5*h**2 + 2*h + 6. Let n be p(-5). What is the tens digit of 504/32 - j/n?
1
Let w(j) be the second derivative of j**5/20 - 7*j**4/12 + 5*j**3/6 + 6*j**2 + 18*j. What is the units digit of w(6)?
6
Let b(y) = -4*y**3 - 18*y**2 + 12*y + 12. What is the hundreds digit of b(-10)?
0
Suppose 3*g - g - 1777 = -5*r, -2*g + 2 = 0. Let f = r + -203. What is the hundreds digit of f?
1
Suppose -174 = -v + 277. What is the tens digit of v?
5
Suppose 0 = -4*u - 3*y + 25, 4*u + 2*y - 10 = 3*u. Suppose 3 = -2*i + 1, -u*i - 13 = -z. What is the units digit of z?
9
Let y = 1413 + 511. What is the thousands digit of y?
1
Suppose 11520 = 15*r + 1440. What is the hundreds digit of r?
6
Let k = 560 - -891. What is the thousands digit of k?
1
Suppose 0 = 7*t - 3*t + 104. Let i = 29 - t. What is the units digit of i?
5
Let j = -21 + 90. Suppose 2*d - j = -d. What is the tens digit of d?
2
Suppose -52*c + 48 = -44*c. Suppose c*h - 224 = -2*h. What is the units digit of h?
8
Let v be (-1 + -2)/(-3)*3. Suppose 5*f - v*g = -6*g - 144, 4*f - 3*g = -99. Let d = -4 - f. What is the units digit of d?
3
Suppose -46 = 4*z - f - 3, 0 = -z + 4*f - 7. Let u(l) = l**2 + 7*l + 9. What is the tens digit of u(z)?
5
Let s(z) = z**3 - 5*z**2 - 2. Suppose 2*k = 33 - 5. Let w(r) = r - 8. Let l be w(k). What is the units digit of s(l)?
4
What is the units digit of 11355/6 + 48/(-32)?
1
Suppose h - 5*l = -11, -l + 1 = h - 2*l. Suppose 0 = -h*i - 3*j - 95, -4*j + 112 = -5*i - j. Let r = i - -40. What is the units digit of r?
7
Suppose -23 - 9 = 2*c. Let l = 60 + c. Suppose -4*o + l = -2*o. What is the units digit of o?
2
Let i = 690 - 165. What is the tens digit of i?
2
Suppose -20 = -6*q + 16. Let h(y) = 18*y - 23. What is the units digit of h(q)?
5
What is the units digit of 11550/45 + (-3)/(-9)?
7
What is the thousands digit of (-116)/(-1914) - 101174/(-66)?
1
Suppose 1486 + 673 = 4*f - 3*d, d + 539 = f. What is the units digit of f?
2
Let p be (7/5)/(12/60). Suppose -124 = -p*i + 5*i. Suppose 0 = n - 2*g - 39, 2*n + g = -3*g + i. What is the units digit of n?
5
What is the tens digit of ((-2)/8)/(-1) - (-14817)/44?
3
Let l be (-1 - -2)/(-5) + 208/40. Suppose -4*z - f + 240 = -175, -5*z = l*f - 515. What is the tens digit of z?
0
Let p = 2689 + -33. What is the tens digit of p?
5
Let h(w) = -14*w**3 - 7*w - 17 + 15*w**3 + 3*w**2 - 4*w + 6*w**2. What is the tens digit of h(-9)?
8
Let m be (-945)/(-30) + 1/(-2). Suppose 0 = g + w - m, -2*w - w = 5*g - 147. What is the units digit of g?
7
What is the tens digit of ((-40)/15)/((-2)/1629)?
7
What is the tens digit of (0 + 2)*((-259)/(-14) + 13)?
6
Let j(d) = -d**2 + 140. Suppose 15*x - 5 = -5. What is the hundreds digit of j(x)?
1
Suppose -3*n - 2230 = -41*v + 40*v, -11102 = -5*v + 3*n. What is the tens digit of v?
1
Let y(z) = z**2 + 11*z - 11. What is the units digit of y(9)?
9
What is the tens digit of 426/4*(1/3 - -3)?
5
What is the hundreds digit of 4*12/(-8)*(0 + -60)?
3
Let h be 12*3/(7 + 2). Suppose 82 = -3*x + h*x. Suppose 3*i = 2 + x. What is the units digit of i?
8
Let f = -69 + 396. What is the hundreds digit of f?
3
Let s(y) = -10*y. Let x(p) = -p**3 + 5*p**2 - 2*p - 2. Let o be x(5). What is the units digit of s(o)?
0
Let g be (18/(-27))/((-1)/(-15)). Let u = g + 26. What is the units digit of u?
6
What is the thousands digit of (2062/(-7))/((-376)/